8/7*(1 - j/2).
47
Let c(m) = 33*m - 324 + 185*m + 300. What are the prime factors of c(3)?
2, 3, 5, 7
Let j(b) = b**3 + 14*b**2 - 5. Let g be j(-11). Suppose -3*k - 2*a = -0*k - g, k - 131 = -3*a. Suppose -968 + k = -6*w. What are the prime factors of w?
2, 71
Suppose -2*a + 0*a = 5*b - 5638, a - 4*b - 2858 = 0. What are the prime factors of a?
2, 13, 109
Let b = -227 + 230. Suppose 0 = -3*h + b*x + 450, -4*x + 162 = h - 2*x. List the prime factors of h.
2, 7, 11
Let y be (-1)/(-7 + (-284)/(-40)). List the prime factors of -2 - -4 - 1 - (y - 1694).
5, 11, 31
Suppose m = 2*g + 3*g + 430, 2*m + 445 = -5*g. Let j = g - -92. Suppose 0 = 4*p + j*y - 0*y - 584, 0 = -5*y + 20. List the prime factors of p.
3, 47
Let t = 292 + -278. Suppose 0*g - t*g = -532. What are the prime factors of g?
2, 19
Let j(c) = 808*c**2 - 131*c + 606. What are the prime factors of j(5)?
3, 2239
Suppose j = 2*j + 85. Let q(f) = -2*f**3 - 16*f**2 + 48*f + 278. Let b be q(-8). Let o = j - b. What are the prime factors of o?
3, 7
Let b = 20541 + 3052. What are the prime factors of b?
23593
Suppose -5*h = w - 144748, 38*w - 28923 = -h + 34*w. What are the prime factors of h?
13, 17, 131
Let j = -15069 - -23197. What are the prime factors of j?
2, 127
Suppose -4*t - o + 242680 = 0, 8*t = 5*t - 13*o + 181912. List the prime factors of t.
2, 3, 79
Let x(u) = -54*u**2 + 102*u**2 + 9*u + 186 + 498 - 47*u**2. What are the prime factors of x(0)?
2, 3, 19
Suppose 28 = 4*w - 5*n, -w + 0*w = -4*n + 4. Let m = w + -9. Suppose m*b - 98 = -53. What are the prime factors of b?
3, 5
Let i(u) = 842*u - 207. List the prime factors of i(6).
3, 5, 17, 19
Let m(j) = 6*j - 6. Suppose -g - 11 + 13 = 0. Let n be m(g). What are the prime factors of 27/n*10/3?
3, 5
Let c be (-22 + 3)*(-2 + 4)/(-2). Suppose 0 = c*n - 593 - 6969. What are the prime factors of n?
2, 199
Let u = -77 - -91. Let n(h) = -36*h + u*h + 3 - 22 - 3. What are the prime factors of n(-6)?
2, 5, 11
Suppose r = 4*y + 70, -3*r + 6*y + 196 = y. Let t(x) = -x**2 + 7*x - 6. Let g be t(6). Let k = r - g. List the prime factors of k.
2, 31
Let l(m) = 6951*m**2 + 731*m - 7. List the prime factors of l(3).
5, 23, 563
Let a(i) = i**3 + 4*i**2 + 6*i + 12. Let r be a(-3). Suppose -6*q - n = -2*q - 817, -r*q + 3*n + 609 = 0. What are the prime factors of q?
2, 3, 17
Suppose -3433 = 2*i + h - 11553, -5*h - 12193 = -3*i. What are the prime factors of i?
31, 131
Let l(g) = 34*g - 3. Let w(a) = -a. Let o(k) = -l(k) + 4*w(k). Let i be o(1). Let p = 12 - i. List the prime factors of p.
47
Let q be 8 - (3 + 4 + -4). Suppose q*n = -3*y + 57, -4*y - 1 = n - 26. Let z = n + 1. What are the prime factors of z?
2, 5
List the prime factors of (-4852)/(-2) + (342/(-152) - 51/(-12)).
2, 607
Let s = -32 - -39. Suppose d + 12 = s. What are the prime factors of 3 - (-1226)/10 - (-3)/d?
5
Let j(g) = 270*g**2 + 446*g + 3105. What are the prime factors of j(-7)?
73, 181
Suppose 2*h + 12 = 6*h. Suppose 17 + 3 = 4*a, h*x + 5*a - 691 = 0. Suppose -9*m = -6*m - x. What are the prime factors of m?
2, 37
Let b = -7228 - -8609. List the prime factors of b.
1381
Let a be (-5)/(25/10) + 46. Suppose -a*c - 657 = -41*c. Let k = 374 + c. List the prime factors of k.
5, 31
List the prime factors of 16159 + -1 + ((-12)/(-10))/(510/1275).
3, 5387
Let n = 174 + -170. Suppose 3*t = -2*t - 5*q + 1010, -t + n*q + 197 = 0. List the prime factors of t.
3, 67
What are the prime factors of -5 - ((-12465 - (-5 - 0)) + 9)?
2, 7, 127
Let s(r) = 3*r + 17. Let a be s(-5). Let m(f) = 37*f**3 - 2*f**2 + 10*f - 4. What are the prime factors of m(a)?
2, 19
List the prime factors of ((-64)/10)/(-11 + (-227791)/(-20710)).
2, 109
Let m = 6439 - 3725. List the prime factors of m.
2, 23, 59
Suppose -12990 = 10*a - 36075 - 38285. What are the prime factors of a?
17, 19
Suppose 0 = 3*u - 10*m + 12*m - 33266, 4*m = -3*u + 33274. List the prime factors of u.
2, 23, 241
Let q = 32 + -27. Suppose 3*o + 15 = 0, -q*o + 485 = -5*z - 8*o. Let b = 108 - z. What are the prime factors of b?
2, 101
Suppose -4 = -4*r + 2*r - 5*x, -2*r + 3*x + 4 = 0. Let u(y) = 3*y**3 - 7*y**2 - 18. Let p be u(-6). What are the prime factors of (r/(-6))/(3/p)?
2, 3, 17
Let b(n) = -4204*n - 736. What are the prime factors of b(-4)?
2, 3, 5, 67
List the prime factors of 177132/(-30)*(9 + -14).
2, 29, 509
Suppose -3*k - 4*f + 3778 = -7616, -3*k + 2*f = -11412. Suppose 15*y - k = 653. What are the prime factors of y?
3, 11
Let h(w) = -19*w - 152. Let v be h(-8). Suppose v = 149*b - 140*b - 3024. List the prime factors of b.
2, 3, 7
Suppose 1268 = -7*h + 4*h + 5*u, -4*h = 4*u + 1680. Suppose -3*o + 947 = -3*t - 892, -2436 = -4*o - 4*t. Let f = o + h. List the prime factors of f.
2, 5, 19
What are the prime factors of (1084/4*5)/(36/72)?
2, 5, 271
Suppose 0 = 29*a - 290792 - 80756. List the prime factors of a.
2, 3203
Let o(z) = z + 15. Let f be o(-16). List the prime factors of (f/(-2))/(15/45030).
19, 79
Suppose h + 6*m = 3*m - 10, 5*h - m = -34. List the prime factors of 12/8 + h/(-14).
2
Suppose 5*d = -x + 3002, 5*x + 2*d = 8885 + 6033. List the prime factors of x/28 - ((-1)/(-2) - 2).
2, 3
Let s(i) = -61*i**3 + 7*i**2 + 15*i - 41. List the prime factors of s(-9).
2, 5, 2243
Suppose 78*j + 569160 = 95*j. What are the prime factors of j?
2, 3, 5, 31
Let b(q) = 4*q**2 + 6*q + 2. Let x be 14/3 - 6/(-27)*-3. Let l be (-1)/(21/5 - x). What are the prime factors of b(l)?
2, 3
Let j(n) = -2066*n - 10710. What are the prime factors of j(-11)?
2, 751
Let t(v) = v**2 - 5*v + 8. Let b(x) = 3*x - 4. Let l(z) = -5*b(z) - 2*t(z). Let m be l(5). Let k = m + 321. List the prime factors of k.
2, 5
Suppose -20*n = -3*n + 4590. Let x = 179 - n. What are the prime factors of x?
449
Let a(i) = i**2 + 13*i + 47. Let z be a(-6). Suppose 3*u = -4*y + 1744, 7*y - 2145 = 2*y + z*u. List the prime factors of y.
433
Let a = -144 - -773. Let f = -296 + a. Suppose 0 = -5*n + f + 637. List the prime factors of n.
2, 97
Let d = -82 + 12. Let p = 64 + d. Let f(g) = -4*g + 10. List the prime factors of f(p).
2, 17
Let k(m) = 2*m**3 + 6*m**2 - 36*m + 5. Let a be k(-6). Suppose 0 = -2*n + a*t + 1048, 28*t - 26*t = 5*n - 2620. List the prime factors of n.
2, 131
Suppose -9 = -4*f - x + 4, 0 = -5*f + 4*x + 32. Let k = 57 + -40. Let r = k + f. List the prime factors of r.
3, 7
Let s(m) = 2*m**2 - 12*m. Let q be s(6). Let p be 2/1 - (30 - q). List the prime factors of (332/(-6))/(p/42).
83
List the prime factors of (9/(-15))/(91/(-65)) - (-305194)/14.
2, 5, 109
Let u = -143 - -87. What are the prime factors of ((-8256)/(-56) - 6)*u/(-6)?
2, 3, 5, 11
Suppose 49*t + 185536 = 257*t. What are the prime factors of t?
2, 223
Let f(s) = s**3 + 2*s - 2. Let x be f(0). Let b(r) = -17*r - 11. List the prime factors of b(x).
23
Suppose 3*x - 5*a + 36 = 0, -2*x - 1 - 4 = 3*a. Let i be (1 - -2) + x + 7. Suppose 2*p - 279 = -3*f, -i*f + 471 + 222 = 5*p. List the prime factors of p.
2, 3, 23
Suppose 85 = -5*k - 140. Suppose 98 = 3*t - 2*u, -4*u - 12 = 5*t - 146. Let y = t - k. List the prime factors of y.
3, 5
Let a(v) = 10*v**3 - 3*v - 4. Let k be a(3). Let r = 2879 + -3044. Let u = r + k. What are the prime factors of u?
2, 23
Let r = 5173 + -4008. List the prime factors of r.
5, 233
What are the prime factors of 309149088/6111 - (3 + -4)/21?
3, 7, 11, 73
Let g be 5698/22 + (-1 - -2)*1. Let p be (-6)/(0 - (-6)/141). Let h = p + g. What are the prime factors of h?
7, 17
Let h be 3/((-1)/(68/(-12))). Suppose 2*t + h = 5*b, 2*b = -t - 42 + 11. Let w = t - -188. What are the prime factors of w?
167
Let t(q) = 4*q**2 + 3*q - 6. Let o = 131 - 133. Let g be o/10 - 36/(-5). What are the prime factors of t(g)?
211
Suppose 3*o - 5 - 46 = 0. Let p be (-8)/(-68) + 2548/o. Suppose 0 = -3*l - 4*y + 3*y + p, l - y - 50 = 0. List the prime factors of l.
2, 5
Let l be (-4)/36 + (-30036)/(-108). Suppose 35*p - l = 33*p. List the prime factors of p.
139
Let d = 6023 + 1257. List the prime factors of d.
2, 5, 7, 13
Let c = 212 + 4139. What are the prime factors of c?
19, 229
Let k = -32 - -29. What are the prime factors of 131 - 2/(-2 - k/3)?
7, 19
What are the prime factors of (-17)/((-34)/(-24)) + 3874?
2, 1931
Let q be 10*(-579)/(-6) + (-16)/(-8). Suppose 0 = -6*l + q + 65. List the prime factors of l